e 3, what is 1010002001 + -2?
1010001222
In base 6, what is -4450 - 35351?
-44241
In base 15, what is 23 - -5ecc?
6000
In base 9, what is 2787571 - -3?
2787574
In base 7, what is 122 + 1054?
1206
In base 14, what is -daa7 + 5?
-daa2
In base 11, what is 1 + -12444a?
-124449
In base 12, what is -3 + 6709?
6706
In base 12, what is -16 - -374?
35a
In base 14, what is -2 - -3d388?
3d386
In base 9, what is 113 - 5215?
-5102
In base 6, what is 2143231 - -2?
2143233
In base 16, what is 153 - de?
75
In base 13, what is -284ba - -4?
-284b6
In base 14, what is 16036 + -d?
16027
In base 12, what is -1254 + 639?
-817
In base 2, what is -10110010000 + -1001?
-10110011001
In base 3, what is -12110 + 1221211?
1202101
In base 16, what is 4 + 7a93?
7a97
In base 8, what is -242063 - -2?
-242061
In base 15, what is 286c + 17?
2884
In base 11, what is 1a61 + -9?
1a53
In base 14, what is 1298068 + 1?
1298069
In base 8, what is 11 - -575123?
575134
In base 12, what is -3469 - 20?
-3489
In base 6, what is 0 + -11415515?
-11415515
In base 13, what is 28435 + 2?
28437
In base 16, what is -2 - 3a44?
-3a46
In base 12, what is 34 + -1080?
-1048
In base 15, what is -e8 - 1589?
-1682
In base 14, what is 54 - -433?
487
In base 5, what is 30 - -10440?
11020
In base 12, what is -3a64 - -4b?
-3a15
In base 11, what is 3 - -14221?
14224
In base 6, what is -4 - -151552?
151544
In base 15, what is 84 + -4db?
-457
In base 5, what is -11310023 - 11?
-11310034
In base 13, what is 28a0 - -56?
2926
In base 12, what is 5363 - -99?
5440
In base 4, what is -220121 - -1310?
-212211
In base 7, what is -3 + 443024?
443021
In base 5, what is -120434101 - -2?
-120434044
In base 10, what is 200 + 11?
211
In base 4, what is -13 + -313131?
-313210
In base 10, what is -608472 + -4?
-608476
In base 16, what is c19f5 + 8?
c19fd
In base 7, what is 3423 - -1?
3424
In base 6, what is 1140431 - 11?
1140420
In base 12, what is 9 - -a50?
a59
In base 15, what is -315 + -e?
-324
In base 8, what is 1 - 634016?
-634015
In base 3, what is 10212202102002 - 0?
10212202102002
In base 9, what is 0 - -2103?
2103
In base 14, what is -1205d - 1?
-12060
In base 13, what is 1c - -31753?
31772
In base 12, what is 73891 + -3?
7388a
In base 15, what is 6 + a199?
a1a0
In base 15, what is -329 + ce?
-24a
In base 12, what is -6a103 + 4?
-6a0bb
In base 15, what is -89 + 12b?
92
In base 16, what is -16fbb - -5?
-16fb6
In base 12, what is -3121 + -1?
-3122
In base 8, what is -46656 + 2?
-46654
In base 16, what is -95c + -25?
-981
In base 8, what is -11457 - -406?
-11051
In base 14, what is -3c - 98?
-d6
In base 12, what is 6 + 2356?
2360
In base 12, what is 450 + -33?
419
In base 6, what is -2545 + -131?
-3120
In base 12, what is -47 + 359?
312
In base 12, what is 5ba9 - -48?
6035
In base 9, what is 0 - -1085218?
1085218
In base 4, what is 110030 - 212210?
-102120
In base 4, what is 30301 - 12?
30223
In base 13, what is b08b + 0?
b08b
In base 2, what is -11111110101 + -1110111001?
-101110101110
In base 12, what is -60 - -a?
-52
In base 12, what is 3 - 237?
-234
In base 6, what is 0 - -442222?
442222
In base 13, what is 8 + -3394?
-3389
In base 4, what is -33031 + 1222?
-31203
In base 6, what is -11 + -232111?
-232122
In base 11, what is 24 - -22772?
22796
In base 11, what is 5 - -4479?
4483
In base 16, what is 45 - 2ed?
-2a8
In base 4, what is 2210211203 + -3?
2210211200
In base 6, what is 2203324 + -102?
2203222
In base 6, what is -152 + -302?
-454
In base 3, what is 100 + -1102220010?
-1102212210
In base 8, what is -467162 - 2?
-467164
In base 7, what is -4163 + -5?
-4201
In base 11, what is a11a8 + -8?
a11a0
In base 5, what is -3434423 - -13?
-3434410
In base 5, what is -10 + -342334?
-342344
In base 12, what is 39 - 10250?
-10213
In base 8, what is -30 + 5020?
4770
In base 2, what is 100101 + 111100?
1100001
In base 16, what is -13 + 1038?
1025
In base 14, what is -20073 - -3?
-20070
In base 14, what is 6c + -16c3?
-1655
In base 16, what is -1481a - 1a?
-14834
In base 2, what is 100111 - 111010101011100?
-111010100110101
In base 12, what is -66630 - 1?
-66631
In base 14, what is -59 - -1c17a?
1c121
In base 16, what is -34bde + 2?
-34bdc
In base 5, what is -141 + 1124403?
1124212
In base 10, what is -8654 + 6?
-8648
In base 16, what is -2 - f962?
-f964
In base 6, what is 5034132 + -14?
5034114
In base 11, what is -635006 - 2?
-635008
In base 11, what is -1935872 - 4?
-1935876
In base 8, what is 20 - 45545?
-45525
In base 9, what is 7123 - -17?
7141
In base 8, what is -134700 - 2?
-134702
In base 7, what is 124 - 26034?
-25610
In base 6, what is 4 - 150331?
-150323
In base 6, what is 432 - -12201?
13033
In base 16, what is -bd9 - 1?
-bda
In base 12, what is 38604 - -a?
38612
In base 5, what is 100 - -3043224?
3043324
In base 14, what is 428 + -1220?
-bd6
In base 3, what is -210110022 - 1210?
-210112002
In base 5, what is -101104211 + 3?
-101104203
In base 5, what is 24211012 - 2?
24211010
In base 16, what is 1536d7 - 4?
1536d3
In base 10, what is -5600 + -3?
-5603
In base 12, what is 4 - 460a1?
-46099
In base 11, what is 593247 - 5?
593242
In base 6, what is -442 - 320010?
-320452
In base 4, what is 101211 - -201?
102012
In base 6, what is -43151 + 1?
-43150
In base 3, what is 12 + -122220122?
-122220110
In base 2, what is -101001010010 - 10?
-101001010100
In base 9, what is 38532 + 4?
38536
In base 8, what is 36 - -423?
461
In base 4, what is 133 + 23333110?
23333303
In base 14, what is -21aa - -11c?
-208c
In base 16, what is -11 + 1525?
1514
In base 13, what is 5 - 56000?
-55cc8
In base 2, what is 0 - -1100110001010?
1100110001010
In base 8, what is -76351 + 5?
-76344
In base 8, what is -174 + -162?
-356
In base 14, what is 6a87 - 1?
6a86
In base 11, what is -3a + -12274?
-12303
In base 15, what is 1 - 11d318?
-11d317
In base 14, what is 4 + -84ab1?
-84aab
In base 13, what is -a576 - -4?
-a572
In base 3, what is 1220122202222 + -10?
1220122202212
In base 15, what is -4135c - 1?
-4135d
In base 14, what is -28bd8 + -5?
-28bdd
In base 3, what is -2020000200 - -100?
-2020000100
In base 15, what is -16 - -8408?
83e2
In base 16, what is bf5 + -73?
b82
In base 12, what is -a - 11242?
-11250
In base 7, what is -24 + 60112?
60055
In base 15, what is 54a - -2e4?
83e
In base 2, what is -1100100000000001 + 1110?
-1100011111110011
In base 14, what is 10974 + -13?
10961
In base 9, what is 12 + -27771?
-27758
In base 16, what is -1f - 750?
-76f
In base 16, what is -10e - -a0?
-6e
In base 8, what is -106007 + -13?
-106022
In base 6, what is 52 - -52013?
52105
In base 10, what is -273 + -156?
-429
In base 5, what is 212323 + -40?
212233
In base 12, what is -657b - 89?
-6648
In base 3, what is 10210220 + -2011?
10201202
In base 6, what is 15 + 225020?
225035
In base 8, what is 32 - -71306?
71340
In base 10, what is -564393 + 5?
-564388
In base 7, what is -2 + 1051444?
1051442
In base 7, what is 42635 + -5?
42630
In base 8, what is 756 + -7474?
-6516
In base 3, what is -2011121 - 212?
-2012110
In base 12, what is 1 + 5b357?
5b358
In base 12, what is -1 - -91416?
91415
In base 13, what is c - 9a758?
-9a749
In base 15, what is 2d76 + -8?
2d6d
In base 12, what is 31a + -6ba?
-3a0
In base 12, what is -4 + a5144?
a5140
In base 7, what is -303 + -20?
-323
In base 5, what is -11123411 + 3?
-11123403
In base 4, what is -10311102 - -10?
-10311032
In base 13, what is -20502 - 1?
-20503
In base 2, what is 1000111010101 - -11110101?
1001011001010
In base 16, what is -76 - 73a4?
-741a
In base 11, what is 107327 - -1?
107328
In base 11, what is -1179 - 745?
-1913
In base 14, what is 1a - -6489?
64a5
In base 11, what is 6 - 71?
-66
In base 16, what is -5f9d9 - 2?
-5f9db
In base 3, what is -202001200111 - -11?
-202001200100
In base 9, what is 38 + -866?
-827
In base 8, what is 0 - -16126?
16126
In base 9, what is 57 - 356?
-288
In base 16, what is -313 - -946?
633
In base 3, what is -121 + -2012101?
-2012222
In base 8, what is 15073 - 22?
15051
In base 16, what is -568f + -6?
-5695
In base 9, what is -56 - -41806?
41740
In base 4, what is -22223200 - -11?
-22223123
In base 7, what is -463 + -210?
-1003
In base 12, what is 11474 - -24?
11498
In base 4, what is -113130102 + 2?
-113130100
In base 6, what is -145 - 4051?
-4240
In base 12, what is 513912 + 2?